{"id":2286,"date":"2026-02-04T18:27:33","date_gmt":"2026-02-04T17:27:33","guid":{"rendered":"https:\/\/ffbg.edu.rs\/kontakt-xxxxxx\/"},"modified":"2026-02-16T13:30:44","modified_gmt":"2026-02-16T12:30:44","slug":"politika-privatnosti","status":"publish","type":"page","link":"https:\/\/ffbg.edu.rs\/lat\/politika-privatnosti\/","title":{"rendered":"Politika privatnosti"},"content":{"rendered":"<div data-elementor-type=\"wp-page\" data-elementor-id=\"2286\" class=\"elementor elementor-2286\">\n\t\t\t\t<div class=\"elementor-element elementor-element-a2ea385 e-flex e-con-boxed e-con e-parent\" data-id=\"a2ea385\" data-element_type=\"container\" data-e-type=\"container\" data-settings=\"{&quot;background_background&quot;:&quot;classic&quot;}\">\n\t\t\t\t\t<div class=\"e-con-inner\">\n\t\t\t\t<div class=\"elementor-element elementor-element-c6d0646 elementor-widget elementor-widget-uael-infobox\" data-id=\"c6d0646\" data-element_type=\"widget\" data-e-type=\"widget\" data-widget_type=\"uael-infobox.default\">\n\t\t\t\t\t\t<div class=\"elementor-widget-container\">\n\t\t\t\t\t\n<div class=\"uael-module-content uael-infobox uael-imgicon-style-normal  uael-infobox-center  infobox-has-photo uael-infobox-photo-above-title  uael-infobox-link-type-none\">\n\t<div class=\"uael-infobox-left-right-wrap\">\n\t\t\t\t\t\t<div class=\"uael-infobox-content\">\n\t\t\t\t\t\t\t<div class=\"uael-module-content uael-imgicon-wrap\">\t\t\t\t\t\t\t\t\t\t\t\n\t\t\t\t\t\t\t\t\t\t\t\t\t\t\t\t<div class=\"uael-image\" itemscope itemtype=\"http:\/\/schema.org\/ImageObject\">\n\t\t\t\t\t\t\t<div class=\"uael-image-content elementor-animation-\">\n\t\t\t\t\t\t\t\t<img fetchpriority=\"high\" decoding=\"async\" width=\"512\" height=\"512\" src=\"https:\/\/ffbg.edu.rs\/wp-content\/uploads\/2026\/01\/ffbg-favicon.png\" class=\"attachment-full size-full wp-image-5\" alt=\"ffbg-favicon\" srcset=\"https:\/\/ffbg.edu.rs\/wp-content\/uploads\/2026\/01\/ffbg-favicon.png 512w, https:\/\/ffbg.edu.rs\/wp-content\/uploads\/2026\/01\/ffbg-favicon-300x300.png 300w, https:\/\/ffbg.edu.rs\/wp-content\/uploads\/2026\/01\/ffbg-favicon-150x150.png 150w\" sizes=\"(max-width: 512px) 100vw, 512px\" \/>\t\t\t\t\t\t\t<\/div>\n\t\t\t\t\t\t<\/div>\n\n\t\t\t\t\t\t\t\t\t<\/div>\n\t\t\t\t\t\t\t<div class='uael-infobox-title-wrap'><h1 class=\"uael-infobox-title elementor-inline-editing\" data-elementor-setting-key=\"infobox_title\" data-elementor-inline-editing-toolbar=\"basic\" >POLITIKA PRIVATNOSTI<\/h1><\/div>\t\t\t\t\t\t\t\t\t<div class=\"uael-infobox-text-wrap\">\n\t\t\t\t<div class=\"uael-infobox-text elementor-inline-editing\" data-elementor-setting-key=\"infobox_description\" data-elementor-inline-editing-toolbar=\"advanced\">\n\t\t\t\t\t\t\t\t\t<\/div>\n\t\t\t\t\t\n\t\t\t\t\t\t\t<\/div>\n\t\t<\/div>\n\t\t\t<\/div>\n<\/div>\n\t\t\t\t<\/div>\n\t\t\t\t<\/div>\n\t\t\t\t\t<\/div>\n\t\t\t\t<\/div>\n\t\t<div class=\"elementor-element elementor-element-da58379 e-flex e-con-boxed e-con e-parent\" data-id=\"da58379\" data-element_type=\"container\" data-e-type=\"container\" data-settings=\"{&quot;background_background&quot;:&quot;classic&quot;}\">\n\t\t\t\t\t<div class=\"e-con-inner\">\n\t\t<div class=\"elementor-element elementor-element-75452c7 e-con-full e-flex e-con e-child\" data-id=\"75452c7\" data-element_type=\"container\" data-e-type=\"container\">\n\t\t\t\t<div class=\"elementor-element elementor-element-df877b8 elementor-widget elementor-widget-heading\" data-id=\"df877b8\" data-element_type=\"widget\" data-e-type=\"widget\" data-widget_type=\"heading.default\">\n\t\t\t\t\t\t\t<h2 class=\"elementor-heading-title elementor-size-default\">POLITIKA PRIVATNOSTI SAJTA<\/h2>\t\t\t\t<\/div>\n\t\t\t\t<div class=\"elementor-element elementor-element-9806ec9 elementor-widget elementor-widget-text-editor\" data-id=\"9806ec9\" data-element_type=\"widget\" data-e-type=\"widget\" data-widget_type=\"text-editor.default\">\n\t\t\t\t\t\t\t\t\t\t\t<p>1. UVOD<\/p><p>\u0424\u0430\u0440\u043c\u0430\u0446\u0435\u0443\u0442\u0441\u043a\u0438 \u0424\u0430\u043a\u0443\u043b\u0442\u0435\u0442 \u0411\u0435\u043e\u0433\u0440\u0430\u0434 (\u0443 \u0434\u0430\u0459\u0435\u043c \u0442\u0435\u043a\u0441\u0442\u0443: \u0424\u0430\u043a\u0443\u043b\u0442\u0435\u0442) \u043f\u043e\u0441\u0432\u0435\u045b\u0435\u043d \u0458\u0435 \u0437\u0430\u0448\u0442\u0438\u0442\u0438 \u043f\u043e\u0434\u0430\u0442\u0430\u043a\u0430 \u043e \u043b\u0438\u0447\u043d\u043e\u0441\u0442\u0438 \u043a\u043e\u0458\u0435 \u043e\u0431\u0440\u0430\u0452\u0443\u0458\u0435. \u041e\u0432\u0430 \u041f\u043e\u043b\u0438\u0442\u0438\u043a\u0430 \u043f\u0440\u0438\u0432\u0430\u0442\u043d\u043e\u0441\u0442\u0438 \u043e\u043f\u0438\u0441\u0443\u0458\u0435 \u043a\u043e\u0458\u0435 \u043f\u043e\u0434\u0430\u0442\u043a\u0435 \u043f\u0440\u0438\u043a\u0443\u043f\u0459\u0430\u043c\u043e, \u043a\u0430\u043a\u043e \u0438\u0445 \u043a\u043e\u0440\u0438\u0441\u0442\u0438\u043c\u043e \u0438 \u0448\u0442\u0438\u0442\u0438\u043c\u043e \u043f\u0440\u0438\u043b\u0438\u043a\u043e\u043c \u043a\u043e\u0440\u0438\u0448\u045b\u0435\u045a\u0430 \u043d\u0430\u0448\u0435\u0433 \u0441\u0430\u0458\u0442\u0430: https:\/\/www.ffbg.edu.rs\/.<\/p><p>Politika je uskla\u0111ena sa Op\u0161tom uredbom o za\u0161titi podataka (GDPR) i Zakonom o za\u0161titi podataka o li\u010dnosti (\u201eSlu\u017ebeni glasnik RS\u201c, br. 87\/2018).<\/p><p>2. PODACI KOJE PRIKUPLJAMO I SVRHA OBRADE<\/p><p>2.1. Podaci koje nam direktno dostavljate<br \/>Na\u0161 sajt mo\u017eete koristiti bez otkrivanja identiteta. Me\u0111utim, za pristup odre\u0111enim uslugama (npr. kontakt forme, prijave, informatori), mo\u017eemo od vas zatra\u017eiti li\u010dne podatke kao \u0161to su ime, prezime, adresa e-po\u0161te i broj telefona. Ove podatke prikupljamo isklju\u010divo uz va\u0161u saglasnost i koristimo ih u svrhu pru\u017eanja tra\u017eene usluge, odgovaranja na upite i pobolj\u0161anja na\u0161ih usluga.<\/p><p>2.2. Podaci koji se prikupljaju automatski<br \/>Prilikom svake posete na\u0161em sajtu, na\u0161 server automatski prikuplja slede\u0107e tehni\u010dke podatke:<\/p><p>Va\u0161u internet protokol (IP) adresu;<br \/>Datum i vreme pristupa;<br \/>Pose\u0107ene stranice na na\u0161em sajtu;<br \/>Tip i verziju internet pregleda\u010da (browser-a). Ove podatke koristimo za odr\u017eavanje sigurnosti sistema, dijagnostiku problema, vo\u0111enje statistike pose\u0107enosti i unapre\u0111enje korisni\u010dkog iskustva. Ovi podaci nisu povezani sa va\u0161im li\u010dnim identitetom.<\/p><p>3. KOLA\u010cI\u0106I (COOKIES)<\/p><p>Na\u0161 sajt koristi kola\u010di\u0107e (cookies) \u2013 male tekstualne datoteke koje se privremeno \u010duvaju na va\u0161em ure\u0111aju. Kola\u010di\u0107i nam poma\u017eu da obezbedimo pravilno funkcionisanje sajta i pobolj\u0161amo navigaciju.<br \/>Koristimo slede\u0107e vrste kola\u010di\u0107a:<\/p><p>Neophodni kola\u010di\u0107i: Obavezni za rad osnovnih funkcija sajta.<br \/>Statisti\u010dki kola\u010di\u0107i: Poma\u017eu nam da razumemo kako posetioci koriste sajt (anonimno).<br \/>Kori\u0161\u0107enjem na\u0161eg sajta, saglasni ste sa upotrebom kola\u010di\u0107a. Mo\u017eete da kontroli\u0161ete ili obri\u0161ete kola\u010di\u0107e putem pode\u0161avanja u va\u0161em internet pregleda\u010du. Imajte u vidu da blokiranje kola\u010di\u0107a mo\u017ee uticati na funkcionalnost sajta.<\/p><p>4. BEZBEDNOST I \u010cUVANJE PODATAKA<\/p><p>Sve informacije koje nam dostavite \u010duvamo na sigurnim serverima i primenjujemo odgovaraju\u0107e tehni\u010dke i organizacione mere kako bismo ih za\u0161titili od neovla\u0161\u0107enog pristupa, gubitka ili uni\u0161tenja. Pristup podacima imaju samo ovla\u0161\u0107eni zaposleni Fakulteta.<\/p><p>Va\u0161e li\u010dne podatke \u010duvamo samo onoliko koliko je neophodno za ispunjenje svrhe zbog koje su prikupljeni, ili u skladu sa zakonskim obavezama. Nakon isteka tog perioda, podaci se trajno bri\u0161u.<\/p><p>5. DELJENJE PODATAKA SA TRE\u0106IM LICIMA<\/p><p>Fakultet ne prodaje, ne iznajmljuje i ne deli va\u0161e li\u010dne podatke sa tre\u0107im licima u komercijalne svrhe. Podatke mo\u017eemo podeliti samo u slede\u0107im slu\u010dajevima:<\/p><p>Sa pouzdanim partnerima koji obra\u0111uju podatke u na\u0161e ime (npr. za odr\u017eavanje IT sistema), uz ugovornu obavezu za\u0161tite podataka.<br \/>Na osnovu zakonskog zahteva nadle\u017enih dr\u017eavnih organa.<\/p><p>6. VA\u0160A PRAVA<\/p><p>U skladu sa GDPR-om i doma\u0107im zakonom, imate slede\u0107a prava:<\/p><p>Pravo na pristup: Mo\u017eete tra\u017eiti informaciju o tome da li obra\u0111ujemo va\u0161e podatke i dobiti kopiju tih podataka.<br \/>Pravo na ispravku: Mo\u017eete tra\u017eiti ispravku neta\u010dnih ili dopunu nekompletnih podataka.ju tih podataka.<br \/>Pravo na brisanje (\u201epravo na zaborav\u201c): Mo\u017eete tra\u017eiti brisanje svojih podataka ako vi\u0161e nisu neophodni za svrhu zbog koje su prikupljeni.<br \/>Pravo na ograni\u010denje obrade: Mo\u017eete tra\u017eiti da privremeno zaustavimo obradu va\u0161ih podataka.<br \/>Pravo na prenosivost podataka: Mo\u017eete tra\u017eiti da vam podatke koje ste nam dali dostavimo u ma\u0161inski \u010ditljivom formatu.<br \/>Pravo na prigovor: Mo\u017eete ulo\u017eiti prigovor na obradu va\u0161ih podataka.<br \/>Za ostvarivanje ovih prava, molimo vas da kontaktirate na\u0161e Lice za za\u0161titu podataka o li\u010dnosti.<\/p><p>7. KONTAKTI<\/p><p>Lice za za\u0161titu podataka o li\u010dnosti (DPO)<br \/>Za sva pitanja, komentare ili zahteve u vezi sa va\u0161im podacima i ovom Politikom, mo\u017eete se obratiti na\u0161em licu za za\u0161titu podataka:<\/p><p>Ime i prezime: Prof. dr Miljan Adamovi\u0107<br \/>Adresa: Poenkareova 14, op\u0161tina Palilula<br \/>E-po\u0161ta: info@ffbg.edu.rs<\/p><p>Nadzorni organ<br \/>Ukoliko smatrate da se obrada va\u0161ih podataka ne vr\u0161i u skladu sa zakonom, imate pravo da podnesete pritu\u017ebu nadle\u017enom organu:<\/p><p>Poverenik za informacije od javnog zna\u010daja i za\u0161titu podataka o li\u010dnosti:<br \/>E-po\u0161ta: office@poverenik.rs<br \/>Veb-sajt: www.poverenik.rs<\/p><p>8. IZMENE POLITIKE PRIVATNOSTI<\/p><p>Ova Politika privatnosti se mo\u017ee povremeno menjati u skladu sa promenama u praksi i zakonskim propisima. Svaka nova verzija bi\u0107e objavljena na ovoj stranici.<\/p><p>Poslednje a\u017euriranje: 04.02.2026<\/p>\t\t\t\t\t\t\t\t<\/div>\n\t\t\t\t<\/div>\n\t\t\t\t\t<\/div>\n\t\t\t\t<\/div>\n\t\t<div class=\"elementor-element elementor-element-eb980ed e-flex e-con-boxed e-con e-parent\" data-id=\"eb980ed\" data-element_type=\"container\" data-e-type=\"container\" data-settings=\"{&quot;background_background&quot;:&quot;classic&quot;}\">\n\t\t\t\t\t<div class=\"e-con-inner\">\n\t\t<div class=\"elementor-element elementor-element-345f3e8 e-con-full e-flex e-con e-child\" data-id=\"345f3e8\" data-element_type=\"container\" data-e-type=\"container\">\n\t\t\t\t<div class=\"elementor-element elementor-element-8b02798 elementor-view-default elementor-widget elementor-widget-icon\" data-id=\"8b02798\" data-element_type=\"widget\" data-e-type=\"widget\" data-widget_type=\"icon.default\">\n\t\t\t\t\t\t\t\t\t<div class=\"elementor-icon-wrapper\">\n\t\t\t<div class=\"elementor-icon\">\n\t\t\t<svg aria-hidden=\"true\" class=\"e-font-icon-svg e-fas-quote-left\" viewbox=\"0 0 512 512\" xmlns=\"http:\/\/www.w3.org\/2000\/svg\"><path d=\"M464 256h-80v-64c0-35.3 28.7-64 64-64h8c13.3 0 24-10.7 24-24V56c0-13.3-10.7-24-24-24h-8c-88.4 0-160 71.6-160 160v240c0 26.5 21.5 48 48 48h128c26.5 0 48-21.5 48-48V304c0-26.5-21.5-48-48-48zm-288 0H96v-64c0-35.3 28.7-64 64-64h8c13.3 0 24-10.7 24-24V56c0-13.3-10.7-24-24-24h-8C71.6 32 0 103.6 0 192v240c0 26.5 21.5 48 48 48h128c26.5 0 48-21.5 48-48V304c0-26.5-21.5-48-48-48z\"><\/path><\/svg>\t\t\t<\/div>\n\t\t<\/div>\n\t\t\t\t\t\t<\/div>\n\t\t\t\t<div class=\"elementor-element elementor-element-42d8ee1 elementor-widget elementor-widget-text-editor\" data-id=\"42d8ee1\" data-element_type=\"widget\" data-e-type=\"widget\" data-widget_type=\"text-editor.default\">\n\t\t\t\t\t\t\t\t\t\t\tImate pitanje? \u017delite da saznate vi\u0161e o na\u0161im studijskim programima, prijemnom ispitu ili vam je potrebna administrativna podr\u0161ka? Na\u0161 tim je tu da vam pomogne.\t\t\t\t\t\t\t\t<\/div>\n\t\t\t\t<\/div>\n\t\t\t\t\t<\/div>\n\t\t\t\t<\/div>\n\t\t\t\t<\/div>","protected":false},"excerpt":{"rendered":"<p>\u041f\u041e\u041b\u0418\u0422\u0418\u041a\u0410 \u041f\u0420\u0418\u0412\u0410\u0422\u041d\u041e\u0421\u0422\u0418 \u041f\u041e\u041b\u0418\u0422\u0418\u041a\u0410 \u041f\u0420\u0418\u0412\u0410\u0422\u041d\u041e\u0421\u0422\u0418 \u0421\u0410\u0408\u0422\u0410 1. \u0423\u0412\u041e\u0414 \u0424\u0430\u0440\u043c\u0430\u0446\u0435\u0443\u0442\u0441\u043a\u0438 \u0424\u0430\u043a\u0443\u043b\u0442\u0435\u0442 \u0411\u0435\u043e\u0433\u0440\u0430\u0434 (\u0443 \u0434\u0430\u0459\u0435\u043c \u0442\u0435\u043a\u0441\u0442\u0443: \u0424\u0430\u043a\u0443\u043b\u0442\u0435\u0442) \u043f\u043e\u0441\u0432\u0435\u045b\u0435\u043d \u0458\u0435 \u0437\u0430\u0448\u0442\u0438\u0442\u0438 \u043f\u043e\u0434\u0430\u0442\u0430\u043a\u0430 \u043e \u043b\u0438\u0447\u043d\u043e\u0441\u0442\u0438 [&hellip;]<\/p>\n","protected":false},"author":1,"featured_media":0,"parent":0,"menu_order":0,"comment_status":"closed","ping_status":"closed","template":"","meta":{"site-sidebar-layout":"no-sidebar","site-content-layout":"","ast-site-content-layout":"full-width-container","site-content-style":"unboxed","site-sidebar-style":"unboxed","ast-global-header-display":"","ast-banner-title-visibility":"","ast-main-header-display":"","ast-hfb-above-header-display":"","ast-hfb-below-header-display":"","ast-hfb-mobile-header-display":"","site-post-title":"disabled","ast-breadcrumbs-content":"","ast-featured-img":"disabled","footer-sml-layout":"","ast-disable-related-posts":"","theme-transparent-header-meta":"enabled","adv-header-id-meta":"","stick-header-meta":"","header-above-stick-meta":"","header-main-stick-meta":"","header-below-stick-meta":"","astra-migrate-meta-layouts":"default","ast-page-background-enabled":"default","ast-page-background-meta":{"desktop":{"background-color":"var(--ast-global-color-5)","background-image":"","background-repeat":"repeat","background-position":"center center","background-size":"auto","background-attachment":"scroll","background-type":"","background-media":"","overlay-type":"","overlay-color":"","overlay-opacity":"","overlay-gradient":""},"tablet":{"background-color":"","background-image":"","background-repeat":"repeat","background-position":"center center","background-size":"auto","background-attachment":"scroll","background-type":"","background-media":"","overlay-type":"","overlay-color":"","overlay-opacity":"","overlay-gradient":""},"mobile":{"background-color":"","background-image":"","background-repeat":"repeat","background-position":"center center","background-size":"auto","background-attachment":"scroll","background-type":"","background-media":"","overlay-type":"","overlay-color":"","overlay-opacity":"","overlay-gradient":""}},"ast-content-background-meta":{"desktop":{"background-color":"var(--ast-global-color-4)","background-image":"","background-repeat":"repeat","background-position":"center center","background-size":"auto","background-attachment":"scroll","background-type":"","background-media":"","overlay-type":"","overlay-color":"","overlay-opacity":"","overlay-gradient":""},"tablet":{"background-color":"var(--ast-global-color-4)","background-image":"","background-repeat":"repeat","background-position":"center center","background-size":"auto","background-attachment":"scroll","background-type":"","background-media":"","overlay-type":"","overlay-color":"","overlay-opacity":"","overlay-gradient":""},"mobile":{"background-color":"var(--ast-global-color-4)","background-image":"","background-repeat":"repeat","background-position":"center center","background-size":"auto","background-attachment":"scroll","background-type":"","background-media":"","overlay-type":"","overlay-color":"","overlay-opacity":"","overlay-gradient":""}},"footnotes":""},"class_list":["post-2286","page","type-page","status-publish","hentry"],"_links":{"self":[{"href":"https:\/\/ffbg.edu.rs\/lat\/wp-json\/wp\/v2\/pages\/2286","targetHints":{"allow":["GET"]}}],"collection":[{"href":"https:\/\/ffbg.edu.rs\/lat\/wp-json\/wp\/v2\/pages"}],"about":[{"href":"https:\/\/ffbg.edu.rs\/lat\/wp-json\/wp\/v2\/types\/page"}],"author":[{"embeddable":true,"href":"https:\/\/ffbg.edu.rs\/lat\/wp-json\/wp\/v2\/users\/1"}],"replies":[{"embeddable":true,"href":"https:\/\/ffbg.edu.rs\/lat\/wp-json\/wp\/v2\/comments?post=2286"}],"version-history":[{"count":0,"href":"https:\/\/ffbg.edu.rs\/lat\/wp-json\/wp\/v2\/pages\/2286\/revisions"}],"wp:attachment":[{"href":"https:\/\/ffbg.edu.rs\/lat\/wp-json\/wp\/v2\/media?parent=2286"}],"curies":[{"name":"wp","href":"https:\/\/api.w.org\/{rel}","templated":true}]}}